ors of 1183932?
2, 3, 32887
List the prime factors of 282100.
2, 5, 7, 13, 31
List the prime factors of 387373.
7, 55339
List the prime factors of 264350.
2, 5, 17, 311
What are the prime factors of 339711?
3, 17, 6661
What are the prime factors of 150368?
2, 37, 127
List the prime factors of 2440649.
2440649
List the prime factors of 2471349.
3, 19, 191, 227
What are the prime factors of 6973608?
2, 3, 19, 41, 373
List the prime factors of 1683944.
2, 37, 5689
What are the prime factors of 4291522?
2, 701, 3061
What are the prime factors of 490906?
2, 13, 79, 239
What are the prime factors of 10776353?
7, 1539479
List the prime factors of 970145.
5, 11, 31, 569
What are the prime factors of 119459?
17, 7027
What are the prime factors of 9663240?
2, 3, 5, 80527
What are the prime factors of 9054719?
83, 127, 859
List the prime factors of 7052404.
2, 307, 5743
List the prime factors of 1250465.
5, 449, 557
What are the prime factors of 2726852?
2, 419, 1627
What are the prime factors of 4276058?
2, 2138029
What are the prime factors of 135292?
2, 149, 227
List the prime factors of 560056.
2, 7, 73, 137
List the prime factors of 1272234.
2, 3, 212039
What are the prime factors of 222755?
5, 13, 23, 149
What are the prime factors of 13938?
2, 3, 23, 101
List the prime factors of 4646943.
3, 7, 23, 1069
List the prime factors of 23017604.
2, 233, 24697
What are the prime factors of 390710?
2, 5, 89, 439
What are the prime factors of 5123000?
2, 5, 47, 109
List the prime factors of 1401066.
2, 3, 277, 281
What are the prime factors of 228604?
2, 67, 853
What are the prime factors of 129470?
2, 5, 11, 107
What are the prime factors of 15947753?
53, 239, 1259
List the prime factors of 131443.
13, 10111
List the prime factors of 2202359.
2202359
List the prime factors of 16258.
2, 11, 739
What are the prime factors of 190504?
2, 23813
List the prime factors of 581769.
3, 29, 743
What are the prime factors of 2522708?
2, 630677
What are the prime factors of 514203?
3, 171401
List the prime factors of 39383.
39383
What are the prime factors of 177941?
107, 1663
What are the prime factors of 339042?
2, 3, 11, 467
List the prime factors of 15804309.
3, 313, 16831
List the prime factors of 5416466.
2, 11, 246203
List the prime factors of 8375203.
17, 492659
What are the prime factors of 1140305?
5, 228061
What are the prime factors of 7297452?
2, 3, 101, 223
What are the prime factors of 1000374?
2, 3, 137, 1217
What are the prime factors of 53585?
5, 7, 1531
List the prime factors of 17725008.
2, 3, 7, 71, 743
List the prime factors of 111155.
5, 11, 43, 47
What are the prime factors of 22546677?
3, 53, 141803
What are the prime factors of 2228398?
2, 73, 15263
What are the prime factors of 7615034?
2, 7, 47, 71, 163
List the prime factors of 604538.
2, 11, 27479
What are the prime factors of 290205?
3, 5, 6449
What are the prime factors of 317585?
5, 19, 3343
List the prime factors of 391005.
3, 5, 8689
What are the prime factors of 109158?
2, 3, 7, 23, 113
List the prime factors of 103881.
3, 31, 1117
What are the prime factors of 154660?
2, 5, 11, 19, 37
What are the prime factors of 71022?
2, 3, 7, 19, 89
What are the prime factors of 19889591?
269, 73939
What are the prime factors of 1054515?
3, 5, 7, 11, 83
What are the prime factors of 1211124?
2, 3, 100927
What are the prime factors of 59918?
2, 29959
List the prime factors of 19190388.
2, 3, 7, 228457
What are the prime factors of 327462?
2, 3, 54577
What are the prime factors of 5448525?
3, 5, 72647
What are the prime factors of 91151?
91151
What are the prime factors of 164086?
2, 13, 6311
What are the prime factors of 156264?
2, 3, 17, 383
What are the prime factors of 2111408?
2, 13, 10151
What are the prime factors of 3672976?
2, 229561
What are the prime factors of 3417965?
5, 41, 16673
List the prime factors of 665935.
5, 133187
What are the prime factors of 19682529?
3, 6560843
List the prime factors of 2753682.
2, 3, 458947
What are the prime factors of 179553?
3, 11, 5441
What are the prime factors of 29079203?
1019, 28537
List the prime factors of 2967638.
2, 1483819
List the prime factors of 551186.
2, 275593
What are the prime factors of 402202?
2, 201101
What are the prime factors of 366787?
366787
List the prime factors of 3891550.
2, 5, 13, 5987
List the prime factors of 136854.
2, 3, 7603
What are the prime factors of 17231625?
3, 5, 17, 53
List the prime factors of 87997.
7, 13, 967
What are the prime factors of 14241512?
2, 17, 104717
What are the prime factors of 8148958?
2, 1063, 3833
What are the prime factors of 107?
107
List the prime factors of 13363880.
2, 5, 61, 5477
List the prime factors of 64673.
7, 9239
What are the prime factors of 276835?
5, 13, 4259
What are the prime factors of 224267?
224267
List the prime factors of 162276.
2, 3, 13523
What are the prime factors of 13437078?
2, 3, 181, 12373
List the prime factors of 21676023.
3, 193, 12479
What are the prime factors of 4384272?
2, 3, 241, 379
List the prime factors of 493635.
3, 5, 32909
List the prime factors of 1055917.
1055917
What are the prime factors of 6622510?
2, 5, 662251
What are the prime factors of 7801431?
3, 11, 236407
List the prime factors of 2387422.
2, 1193711
What are the prime factors of 643241?
23, 27967
What are the prime factors of 21730584?
2, 3, 23, 39367
List the prime factors of 248198.
2, 193, 643
What are the prime factors of 3705375?
3, 5, 41, 241
List the prime factors of 12323330.
2, 5, 59, 20887
List the prime factors of 19904461.
107, 186023
List the prime factors of 63418.
2, 37, 857
List the prime factors of 12604.
2, 23, 137
What are the prime factors of 18115454?
2, 7, 1293961
What are the prime factors of 759577?
7, 13, 17, 491
What are the prime factors of 8609602?
2, 71, 60631
What are the prime factors of 12081104?
2, 7, 107867
What are the prime factors of 2248972?
2, 11, 79, 647
What are the prime factors of 1341319?
7, 89, 2153
List the prime factors of 1173817.
227, 5171
List the prime factors of 416106.
2, 3, 23117
List the prime factors of 5890426.
2, 521, 5653
What are the prime factors of 456624?
2, 3, 7, 151
What are the prime factors of 20327242?
2, 13, 781817
List the prime factors of 15433659.
3, 7057
What are the prime factors of 1258497?
3, 5179
List the prime factors of 25555056.
2, 3, 359, 1483
What are the prime factors of 422035?
5, 84407
What are the prime factors of 248711?
73, 3407
What are the prime factors of 1239852?
2, 3, 277, 373
List the prime factors of 26865869.
191, 140659
List the prime factors of 162748.
2, 23, 29, 61
What are the prime factors of 27570051?
3, 59, 641
List the prime factors of 53733.
3, 17911
What are the prime factors of 344089?
223, 1543
What are the prime factors of 172381?
11, 15671
What are the prime factors of 13278236?
2, 61, 54419
What are the prime factors of 432599?
17, 25447
What are the prime factors of 24012?
2, 3, 23, 29
What are the prime factors of 1591914?
2, 3, 17, 15607
What are the prime factors of 18619055?
5, 7, 13, 151, 271
List the prime factors of 943999.
7, 134857
List the prime factors of 12853158.
2, 3, 19, 31, 3637
What are the prime factors of 678955?
5, 251, 541
What are the prime factors of 2793533?
587, 4759
What are the prime factors of 1531563?
3, 11, 46411
What are the prime factors of 83161?
13, 6397
List the prime factors of 737061.
3, 13, 18899
What are the prime factors of 53507?
53507
What are the prime factors of 1163114?
2, 581557
What are the prime factors of 238518?
2, 3, 7, 631
What are the prime factors of 242893?
7, 4957
List the prime factors of 507668.
2, 7, 18131
What are the prime factors of 35141?
35141
List the prime factors of 220430.
2, 5, 7, 47, 67
What are the prime factors of 1337579?
73, 251
List the prime factors of 1245149.
1245149
List the prime factors of 243499.
41, 5939
List the prime factors of 1085136.
2, 3, 13, 37, 47
What are the prime factors of 829382?
2, 414691
List the prime factors of 916986.
2, 3, 7, 3119
What are the prime factors of 2418374?
2, 7, 172741
List the prime factors of 9366681.
3, 23, 29, 31, 151
What are the prime factors of 1618000?
2, 5, 809
List the prime factors of 2006165.
5, 7, 31, 43
List the prime factors of 15780470.
